hat is 718375 + -3?
718372
In base 2, what is 11111101001111111 + 11?
11111101010000010
In base 4, what is 12 - 31110?
-31032
In base 13, what is 6 - 3692?
-3689
In base 14, what is -3 - b5307?
-b530a
In base 4, what is 12011231 + 11?
12011302
In base 14, what is 1 + 2b50?
2b51
In base 14, what is 19 - 10d2?
-10b7
In base 5, what is -10043213 - 10?
-10043223
In base 14, what is c97344 + -2?
c97342
In base 15, what is 1 + 251c?
251d
In base 8, what is -4 - 47433?
-47437
In base 6, what is 1 + -5040023?
-5040022
In base 13, what is -4 - c5008?
-c500c
In base 4, what is -223 + 23032?
22203
In base 13, what is 5 + -14093?
-1408b
In base 9, what is 8236 + -5?
8231
In base 4, what is 33 - -101033110?
101033203
In base 10, what is 1914 + 17?
1931
In base 10, what is 10 - 20739?
-20729
In base 4, what is 11130210 - -2?
11130212
In base 11, what is -66 + -313?
-379
In base 10, what is -712 - 267?
-979
In base 7, what is -4310530 + -3?
-4310533
In base 12, what is 5502 + 2?
5504
In base 8, what is 5 + 502504?
502511
In base 6, what is -23411 + -5?
-23420
In base 5, what is -31240434 - 2?
-31240441
In base 10, what is -288 - -2572?
2284
In base 2, what is -1 - 1000010001011100100?
-1000010001011100101
In base 9, what is -170278 + 5?
-170273
In base 13, what is -2ca4 - -7?
-2c9a
In base 9, what is 734 - -272?
1116
In base 16, what is 96d + -9?
964
In base 7, what is -64620 - 1?
-64621
In base 2, what is 10 + -111001101000001?
-111001100111111
In base 10, what is -1581 + 425?
-1156
In base 6, what is -2140 - 10?
-2150
In base 13, what is 65 - 470?
-408
In base 8, what is -5 + 156454?
156447
In base 9, what is -2 + -411106?
-411108
In base 10, what is 63 + 128?
191
In base 3, what is 12020 - 20022000?
-20002210
In base 10, what is -2 + 1651?
1649
In base 6, what is -144 + 542250?
542102
In base 4, what is -3200120 + -3?
-3200123
In base 5, what is -312 + 341002?
340140
In base 7, what is -2033656 + 0?
-2033656
In base 2, what is -10 + -11111101100000010?
-11111101100000100
In base 11, what is 1 + 929a?
92a0
In base 14, what is b392 - -4?
b396
In base 3, what is -101021102 - -11?
-101021021
In base 13, what is a2 - 659?
-587
In base 6, what is -1124200 + 23?
-1124133
In base 3, what is 200 - 200022?
-122122
In base 7, what is -451 + 13?
-435
In base 2, what is -1000 - -11101101110?
11101100110
In base 9, what is 81 + -1666?
-1575
In base 9, what is -8646 - 3?
-8650
In base 15, what is -9bae - 1?
-9bb0
In base 3, what is -122202 - -22221?
-22211
In base 11, what is -16 + 790?
775
In base 5, what is -142442 - -20?
-142422
In base 15, what is 2 + 92779?
9277b
In base 2, what is 100111011 + -11100100011011?
-11011111100000
In base 8, what is 1314540 + 2?
1314542
In base 5, what is -11 + -321003?
-321014
In base 16, what is d3 - de1?
-d0e
In base 11, what is 476924 - -4?
476928
In base 11, what is 3215 - -5a6?
3810
In base 9, what is 808 + -8117?
-7208
In base 15, what is -4a + -8953?
-899d
In base 6, what is 12503212 + 0?
12503212
In base 15, what is -44 - 1dec?
-1e41
In base 15, what is -6481 + e?
-6472
In base 5, what is 0 - 2034430?
-2034430
In base 11, what is 23a86 - 3?
23a83
In base 14, what is 7cbd - a?
7cb3
In base 2, what is 1001001011 + -110001?
1000011010
In base 16, what is -487c2 + 5?
-487bd
In base 11, what is 43027 - -1?
43028
In base 11, what is -1 + 77160?
7715a
In base 3, what is -10 - 1210222011?
-1210222021
In base 9, what is 7 - -125032?
125040
In base 3, what is -2202 - 112202210?
-112212112
In base 8, what is -31 - -4015?
3764
In base 3, what is -11012120220 + -11?
-11012121001
In base 7, what is 12 + 5516110?
5516122
In base 7, what is -4 - -11405?
11401
In base 3, what is 10220102212102 - -11?
10220102212120
In base 2, what is -11001 - 1101110001?
-1110001010
In base 12, what is -8a + -835?
-903
In base 16, what is -e - 508?
-516
In base 14, what is -242 - -1b2a?
18c8
In base 5, what is 3231 - -233?
4014
In base 2, what is 1111101110000 - -111?
1111101110111
In base 3, what is -102001212 + -101?
-102002020
In base 7, what is 134543 + 1?
134544
In base 9, what is 6 - -1011143?
1011150
In base 12, what is 649b53 + -4?
649b4b
In base 11, what is 131 - -10a?
240
In base 6, what is 1331143 + 4?
1331151
In base 5, what is -231043 - 10?
-231103
In base 7, what is -44 + -12351?
-12425
In base 6, what is 3534 + 1101?
5035
In base 5, what is -11 - 34334402?
-34334413
In base 8, what is 37070 - -3?
37073
In base 16, what is 6 + b03e?
b044
In base 5, what is 42314303 - -10?
42314313
In base 14, what is -4ac2 - c?
-4ad0
In base 9, what is 3 - -203525?
203528
In base 5, what is -4 + 203212?
203203
In base 16, what is -932 - 15?
-947
In base 13, what is -6 - 13a3?
-13a9
In base 12, what is -28a5 - 10?
-28b5
In base 8, what is 2 - -63367?
63371
In base 8, what is -3134 + 2472?
-442
In base 13, what is 5bc6 - 2?
5bc4
In base 13, what is 1 - -93a5?
93a6
In base 7, what is -2563 + -1040?
-3633
In base 3, what is 101120 + -1001101121?
-1001000001
In base 8, what is 2674 + 0?
2674
In base 15, what is 7 + -1eb7?
-1eb0
In base 4, what is -22131132 - -11?
-22131121
In base 6, what is -13415 + 1230?
-12145
In base 15, what is d966 - 7?
d95e
In base 15, what is 16 - -2b33?
2b49
In base 3, what is 22012020122 - 12?
22012020110
In base 14, what is 24d4d + -4?
24d49
In base 8, what is -563 + 3703?
3120
In base 6, what is -1255 - 2015?
-3314
In base 11, what is -337 - 140?
-477
In base 11, what is -2 - -27a08?
27a06
In base 8, what is 13722 + 54?
13776
In base 2, what is -101 + 110010010000?
110010001011
In base 3, what is 22021102110111 + -10?
22021102110101
In base 4, what is -2300 - -200103?
131203
In base 3, what is -1210 - -11122?
2212
In base 16, what is -7 + -713a?
-7141
In base 14, what is 5 + -252260?
-252259
In base 12, what is a89 - -14?
aa1
In base 7, what is -33156 - 2502?
-35661
In base 6, what is 414 + -110232?
-105414
In base 7, what is 1 + -23165?
-23164
In base 3, what is -11 - 100021100?
-100021111
In base 12, what is -232 + -263?
-495
In base 10, what is -29229 + -4?
-29233
In base 12, what is 54 - 3b615?
-3b581
In base 3, what is 2002001001 + 21?
2002001022
In base 14, what is 2 - -18578?
1857a
In base 10, what is 836940 - 4?
836936
In base 16, what is 7bb - 1c?
79f
In base 6, what is -1 + -50332?
-50333
In base 12, what is 10 - -4b60?
4b70
In base 2, what is 11000000 - 10101?
10101011
In base 15, what is 4 + -6282b?
-62827
In base 2, what is 110001110111011 - -11001?
110001111010100
In base 14, what is a2 - -1a72?
1b34
In base 7, what is -132553 - 11?
-132564
In base 5, what is -31221203 + 1?
-31221202
In base 13, what is 970 - 2b9?
684
In base 14, what is -2 + -135d5c?
-135d60
In base 16, what is 9f6 + 2?
9f8
In base 12, what is -2 - -116a4?
116a2
In base 15, what is 20 - 32e?
-30e
In base 16, what is 3af - 126?
289
In base 15, what is -15b - 19?
-175
In base 12, what is -3 - 5974?
-5977
In base 6, what is 223434 - -201?
224035
In base 10, what is 18163 - -5?
18168
In base 12, what is -77 - b0?
-167
In base 15, what is 17e80 + 4?
17e84
In base 7, what is -620151 + 15?
-620133
In base 9, what is 4370 - -174?
4554
In base 7, what is 5 + 2152506?
2152514
In base 16, what is 9eb - -b74?
155f
In base 16, what is -1 - 354fd?
-354fe
In base 3, what is 20101222 - -2110?
20111102
In base 13, what is -44a5 - -a4?
-4401
In base 13, what is -1a3 + -ca?
-2a0
In base 5, what is -4 + -412240?
-412244
In base 8, what is -16243 - 174?
-16437
In base 12, what is -6 - 1b6?
-200
In base 2, what is -10101110110 + -100101?
-10110011011
In base 2, what is -10110111110 - -100000?
-10110011110
In base 15, what is -26165 - -2?
-26163
In base 2, what is 100011111001 - 10110?
100011100011
In base 10, what is -36065 - -11?
-36054
In base 8, what is 4 + 6313301?
6313305
In base 5, what is 24 - -411343?
411422
In base 7, what is -332 + -35546?
-36211
In base 3, what is 22000100 - -2000?
22002100
In base 13, what is 12 - -302c5?
30307
In base 2, what is -10 + -11110001111110?
-11110010000000
In base 5, what is -22 - -4142044?
4142022
In base 12, what is -14619b + -3?
-1461a2
In base 15, what is -e29 - 56?
-e80
In base 7, what is -52602 + 6?
-52563
In base 6, what is 504 - -1101?
2005
In base 10, what is -5 + 4009?
4004
In base 5, what is 0 - 422411?
-422411
In base 14, w